{"id":246,"date":"2024-05-17T13:51:14","date_gmt":"2024-05-17T11:51:14","guid":{"rendered":"https:\/\/anciensavoir.com\/?page_id=246"},"modified":"2024-05-17T14:43:05","modified_gmt":"2024-05-17T12:43:05","slug":"articles","status":"publish","type":"page","link":"https:\/\/anciensavoir.com\/index.php\/articles\/","title":{"rendered":"News"},"content":{"rendered":"\n<p>D\u00e9couvrez mes derni\u00e8res nouvelles &#8211; disponible sur Amazon en livre de poche et sur Kindle en ebook.<\/p>\n\n\n\n<p><strong>\u00ab\u00a0Un Atlante \u00e0 Paris\u00a0\u00bb<\/strong> vous transporte dans un Paris mystique o\u00f9 un myst\u00e9rieux Atlante navigue entre les secrets de son pass\u00e9 et les myst\u00e8res de la Ville Lumi\u00e8re. Entre art, histoire et \u00e9nigmes, pr\u00e9parez-vous \u00e0 une aventure inoubliable.<\/p>\n\n\n\n<p><strong>\u00ab\u00a0Ethan: Les Cl\u00e9s du Temps\u00a0\u00bb<\/strong> vous invite \u00e0 suivre Ethan dans une course contre la montre \u00e0 travers les \u00e2ges. Avec des cl\u00e9s permettant de voyager dans le temps, Ethan doit d\u00e9jouer des complots et d\u00e9couvrir les secrets de l&rsquo;univers. Une odyss\u00e9e o\u00f9 chaque seconde compte.<\/p>\n\n\n\n<p>Ne manquez pas ces r\u00e9cits envo\u00fbtants qui vous tiendront en haleine du d\u00e9but \u00e0 la fin. Disponible d\u00e8s maintenant, laissez-vous emporter par des histoires qui d\u00e9fient le temps et l&rsquo;espace.<\/p>\n","protected":false},"excerpt":{"rendered":"<p>D\u00e9couvrez mes derni\u00e8res nouvelles &#8211; disponible sur Amazon en livre de poche et sur Kindle en ebook. \u00ab\u00a0Un Atlante \u00e0 Paris\u00a0\u00bb vous transporte dans un Paris mystique o\u00f9 un myst\u00e9rieux Atlante navigue entre les secrets de son pass\u00e9 et les myst\u00e8res de la Ville Lumi\u00e8re. Entre art, histoire et \u00e9nigmes, pr\u00e9parez-vous \u00e0 une aventure inoubliable.&hellip;&nbsp;<a href=\"https:\/\/anciensavoir.com\/index.php\/articles\/\" class=\"\" rel=\"bookmark\">Lire la suite &raquo;<span class=\"screen-reader-text\">News<\/span><\/a><\/p>\n","protected":false},"author":1,"featured_media":0,"parent":0,"menu_order":0,"comment_status":"closed","ping_status":"closed","template":"","meta":{"_bbp_topic_count":0,"_bbp_reply_count":0,"_bbp_total_topic_count":0,"_bbp_total_reply_count":0,"_bbp_voice_count":0,"_bbp_anonymous_reply_count":0,"_bbp_topic_count_hidden":0,"_bbp_reply_count_hidden":0,"_bbp_forum_subforum_count":0,"neve_meta_sidebar":"","neve_meta_container":"","neve_meta_enable_content_width":"","neve_meta_content_width":0,"neve_meta_title_alignment":"","neve_meta_author_avatar":"","neve_post_elements_order":"","neve_meta_disable_header":"","neve_meta_disable_footer":"","neve_meta_disable_title":"","footnotes":""},"class_list":["post-246","page","type-page","status-publish","hentry"],"_links":{"self":[{"href":"https:\/\/anciensavoir.com\/index.php\/wp-json\/wp\/v2\/pages\/246","targetHints":{"allow":["GET"]}}],"collection":[{"href":"https:\/\/anciensavoir.com\/index.php\/wp-json\/wp\/v2\/pages"}],"about":[{"href":"https:\/\/anciensavoir.com\/index.php\/wp-json\/wp\/v2\/types\/page"}],"author":[{"embeddable":true,"href":"https:\/\/anciensavoir.com\/index.php\/wp-json\/wp\/v2\/users\/1"}],"replies":[{"embeddable":true,"href":"https:\/\/anciensavoir.com\/index.php\/wp-json\/wp\/v2\/comments?post=246"}],"version-history":[{"count":2,"href":"https:\/\/anciensavoir.com\/index.php\/wp-json\/wp\/v2\/pages\/246\/revisions"}],"predecessor-version":[{"id":283,"href":"https:\/\/anciensavoir.com\/index.php\/wp-json\/wp\/v2\/pages\/246\/revisions\/283"}],"wp:attachment":[{"href":"https:\/\/anciensavoir.com\/index.php\/wp-json\/wp\/v2\/media?parent=246"}],"curies":[{"name":"wp","href":"https:\/\/api.w.org\/{rel}","templated":true}]}}